{"id":647,"date":"2023-12-14T14:08:14","date_gmt":"2023-12-14T12:08:14","guid":{"rendered":"https:\/\/mattojulin.fi\/etusivu\/?post_type=product&#038;p=647"},"modified":"2023-12-15T13:26:28","modified_gmt":"2023-12-15T11:26:28","slug":"centaur-musta","status":"publish","type":"product","link":"https:\/\/mattojulin.fi\/etusivu\/tuote\/centaur-musta\/","title":{"rendered":"Centaur Musta"},"content":{"rendered":"<p>Centaur on tukeva ja kovaa kulutusta kest\u00e4v\u00e4 kuramatto joka soveltuu esimerkiksi eteiseen, tuulikaappiin tai jopa toimistoon ja muuhun puolijulkiseen k\u00e4ytt\u00f6\u00f6n. Kaksoispohjan ansiosta matto on j\u00e4m\u00e4kk\u00e4 ja sen reunat eiv\u00e4t rupea kupruilemaan k\u00e4yt\u00f6ss\u00e4. helppohoitoinen ja\u00a0 vesipest\u00e4v\u00e4 haalealla vedell\u00e4.<\/p>\n<ul>\n<li>Materiaali: 100% Polypropeenia, pohja lateksia<\/li>\n<li>Paino: 1,9 kg\/m2<\/li>\n<li>Paksuus:\u00a0 7mm<\/li>\n<\/ul>\n<p>Saatavana olevat koot:<\/p>\n<ul>\n<li>100 cm leve\u00e4 rulla<\/li>\n<li>200 cm leve\u00e4 rulla<\/li>\n<\/ul>\n","protected":false},"excerpt":{"rendered":"<p>Centaur on tukeva ja kovaa kulutusta kest\u00e4v\u00e4 kuramatto joka soveltuu esimerkiksi eteiseen, tuulikaappiin tai jopa toimistoon ja muuhun puolijulkiseen k\u00e4ytt\u00f6\u00f6n. Kaksoispohjan ansiosta matto on j\u00e4m\u00e4kk\u00e4 ja sen reunat eiv\u00e4t rupea kupruilemaan k\u00e4yt\u00f6ss\u00e4. helppohoitoinen ja\u00a0 vesipest\u00e4v\u00e4 haalealla vedell\u00e4. Materiaali: 100% Polypropeenia, pohja lateksia Paino: 1,9 kg\/m2 Paksuus:\u00a0 7mm Saatavana olevat koot: 100 cm leve\u00e4 rulla 200 [&hellip;]<\/p>\n","protected":false},"featured_media":505,"template":"","meta":{"site-sidebar-layout":"default","site-content-layout":"","ast-site-content-layout":"default","site-content-style":"default","site-sidebar-style":"default","ast-global-header-display":"","ast-banner-title-visibility":"","ast-main-header-display":"","ast-hfb-above-header-display":"","ast-hfb-below-header-display":"","ast-hfb-mobile-header-display":"","site-post-title":"","ast-breadcrumbs-content":"","ast-featured-img":"","footer-sml-layout":"","ast-disable-related-posts":"","theme-transparent-header-meta":"default","adv-header-id-meta":"","stick-header-meta":"","header-above-stick-meta":"","header-main-stick-meta":"","header-below-stick-meta":"","astra-migrate-meta-layouts":"set","ast-page-background-enabled":"default","ast-page-background-meta":{"desktop":{"background-color":"var(--ast-global-color-4)","background-image":"","background-repeat":"repeat","background-position":"center center","background-size":"auto","background-attachment":"scroll","background-type":"","background-media":"","overlay-type":"","overlay-color":"","overlay-opacity":"","overlay-gradient":""},"tablet":{"background-color":"","background-image":"","background-repeat":"repeat","background-position":"center center","background-size":"auto","background-attachment":"scroll","background-type":"","background-media":"","overlay-type":"","overlay-color":"","overlay-opacity":"","overlay-gradient":""},"mobile":{"background-color":"","background-image":"","background-repeat":"repeat","background-position":"center center","background-size":"auto","background-attachment":"scroll","background-type":"","background-media":"","overlay-type":"","overlay-color":"","overlay-opacity":"","overlay-gradient":""}},"ast-content-background-meta":{"desktop":{"background-color":"var(--ast-global-color-5)","background-image":"","background-repeat":"repeat","background-position":"center center","background-size":"auto","background-attachment":"scroll","background-type":"","background-media":"","overlay-type":"","overlay-color":"","overlay-opacity":"","overlay-gradient":""},"tablet":{"background-color":"var(--ast-global-color-5)","background-image":"","background-repeat":"repeat","background-position":"center center","background-size":"auto","background-attachment":"scroll","background-type":"","background-media":"","overlay-type":"","overlay-color":"","overlay-opacity":"","overlay-gradient":""},"mobile":{"background-color":"var(--ast-global-color-5)","background-image":"","background-repeat":"repeat","background-position":"center center","background-size":"auto","background-attachment":"scroll","background-type":"","background-media":"","overlay-type":"","overlay-color":"","overlay-opacity":"","overlay-gradient":""}}},"product_brand":[],"product_cat":[23,36],"product_tag":[],"class_list":{"0":"post-647","1":"product","2":"type-product","3":"status-publish","4":"has-post-thumbnail","6":"product_cat-kuramatot","7":"product_cat-kuramatot-kuramatot","8":"desktop-align-left","9":"tablet-align-left","10":"mobile-align-left","12":"first","13":"instock","14":"shipping-taxable","15":"product-type-simple"},"jetpack_sharing_enabled":true,"_links":{"self":[{"href":"https:\/\/mattojulin.fi\/etusivu\/wp-json\/wp\/v2\/product\/647","targetHints":{"allow":["GET"]}}],"collection":[{"href":"https:\/\/mattojulin.fi\/etusivu\/wp-json\/wp\/v2\/product"}],"about":[{"href":"https:\/\/mattojulin.fi\/etusivu\/wp-json\/wp\/v2\/types\/product"}],"version-history":[{"count":1,"href":"https:\/\/mattojulin.fi\/etusivu\/wp-json\/wp\/v2\/product\/647\/revisions"}],"predecessor-version":[{"id":648,"href":"https:\/\/mattojulin.fi\/etusivu\/wp-json\/wp\/v2\/product\/647\/revisions\/648"}],"wp:featuredmedia":[{"embeddable":true,"href":"https:\/\/mattojulin.fi\/etusivu\/wp-json\/wp\/v2\/media\/505"}],"wp:attachment":[{"href":"https:\/\/mattojulin.fi\/etusivu\/wp-json\/wp\/v2\/media?parent=647"}],"wp:term":[{"taxonomy":"product_brand","embeddable":true,"href":"https:\/\/mattojulin.fi\/etusivu\/wp-json\/wp\/v2\/product_brand?post=647"},{"taxonomy":"product_cat","embeddable":true,"href":"https:\/\/mattojulin.fi\/etusivu\/wp-json\/wp\/v2\/product_cat?post=647"},{"taxonomy":"product_tag","embeddable":true,"href":"https:\/\/mattojulin.fi\/etusivu\/wp-json\/wp\/v2\/product_tag?post=647"}],"curies":[{"name":"wp","href":"https:\/\/api.w.org\/{rel}","templated":true}]}}