{"id":1818,"date":"2024-10-22T13:33:35","date_gmt":"2024-10-22T11:33:35","guid":{"rendered":"https:\/\/mattojulin.fi\/etusivu\/?post_type=product&#038;p=1818"},"modified":"2024-10-22T13:40:28","modified_gmt":"2024-10-22T11:40:28","slug":"kurastop-antrasiitti","status":"publish","type":"product","link":"https:\/\/mattojulin.fi\/etusivu\/tuote\/kurastop-antrasiitti\/","title":{"rendered":"Kurastop Antrasiitti"},"content":{"rendered":"<p>Kurastop on kest\u00e4v\u00e4, hyvin paikallaan pysyv\u00e4 eteistiloihin ja tuulikaappeihin soveltuva kuramatto. Soveltuu my\u00f6s Porrask\u00e4yt\u00e4viin ja muihin julkitiloihin. Vesipest\u00e4v\u00e4 30 astetta.<\/p>\n<p>Auki leikattu nukkapinta on helppo puhdistaa ja tukeva vinyylipohja suojaa alla olevaa lattiaa kosteudelta.<\/p>\n<ul>\n<li>Materiaali: 100% Polypropeenia, Vinyylipohja<\/li>\n<\/ul>\n<p>Saatavana olevat koot:<\/p>\n<ul>\n<li>90 cm leve\u00e4 rulla (omien mittojen mukaan)<\/li>\n<li>130 cm leve\u00e4 rulla (omien mittojen mukaan)<\/li>\n<\/ul>\n","protected":false},"excerpt":{"rendered":"<p>Kurastop on kest\u00e4v\u00e4, hyvin paikallaan pysyv\u00e4 eteistiloihin ja tuulikaappeihin soveltuva kuramatto. Soveltuu my\u00f6s Porrask\u00e4yt\u00e4viin ja muihin julkitiloihin. Vesipest\u00e4v\u00e4 30 astetta. Auki leikattu nukkapinta on helppo puhdistaa ja tukeva vinyylipohja suojaa alla olevaa lattiaa kosteudelta. Materiaali: 100% Polypropeenia, Vinyylipohja Saatavana olevat koot: 90 cm leve\u00e4 rulla (omien mittojen mukaan) 130 cm leve\u00e4 rulla (omien mittojen mukaan)<\/p>\n","protected":false},"featured_media":1743,"template":"","meta":{"site-sidebar-layout":"default","site-content-layout":"","ast-site-content-layout":"default","site-content-style":"default","site-sidebar-style":"default","ast-global-header-display":"","ast-banner-title-visibility":"","ast-main-header-display":"","ast-hfb-above-header-display":"","ast-hfb-below-header-display":"","ast-hfb-mobile-header-display":"","site-post-title":"","ast-breadcrumbs-content":"","ast-featured-img":"","footer-sml-layout":"","ast-disable-related-posts":"","theme-transparent-header-meta":"default","adv-header-id-meta":"","stick-header-meta":"","header-above-stick-meta":"","header-main-stick-meta":"","header-below-stick-meta":"","astra-migrate-meta-layouts":"set","ast-page-background-enabled":"default","ast-page-background-meta":{"desktop":{"background-color":"var(--ast-global-color-4)","background-image":"","background-repeat":"repeat","background-position":"center center","background-size":"auto","background-attachment":"scroll","background-type":"","background-media":"","overlay-type":"","overlay-color":"","overlay-opacity":"","overlay-gradient":""},"tablet":{"background-color":"","background-image":"","background-repeat":"repeat","background-position":"center center","background-size":"auto","background-attachment":"scroll","background-type":"","background-media":"","overlay-type":"","overlay-color":"","overlay-opacity":"","overlay-gradient":""},"mobile":{"background-color":"","background-image":"","background-repeat":"repeat","background-position":"center center","background-size":"auto","background-attachment":"scroll","background-type":"","background-media":"","overlay-type":"","overlay-color":"","overlay-opacity":"","overlay-gradient":""}},"ast-content-background-meta":{"desktop":{"background-color":"var(--ast-global-color-5)","background-image":"","background-repeat":"repeat","background-position":"center center","background-size":"auto","background-attachment":"scroll","background-type":"","background-media":"","overlay-type":"","overlay-color":"","overlay-opacity":"","overlay-gradient":""},"tablet":{"background-color":"var(--ast-global-color-5)","background-image":"","background-repeat":"repeat","background-position":"center center","background-size":"auto","background-attachment":"scroll","background-type":"","background-media":"","overlay-type":"","overlay-color":"","overlay-opacity":"","overlay-gradient":""},"mobile":{"background-color":"var(--ast-global-color-5)","background-image":"","background-repeat":"repeat","background-position":"center center","background-size":"auto","background-attachment":"scroll","background-type":"","background-media":"","overlay-type":"","overlay-color":"","overlay-opacity":"","overlay-gradient":""}}},"product_brand":[],"product_cat":[23,36],"product_tag":[59],"class_list":{"0":"post-1818","1":"product","2":"type-product","3":"status-publish","4":"has-post-thumbnail","6":"product_cat-kuramatot","7":"product_cat-kuramatot-kuramatot","8":"product_tag-kuramatto","9":"desktop-align-left","10":"tablet-align-left","11":"mobile-align-left","13":"first","14":"instock","15":"shipping-taxable","16":"product-type-simple"},"jetpack_sharing_enabled":true,"_links":{"self":[{"href":"https:\/\/mattojulin.fi\/etusivu\/wp-json\/wp\/v2\/product\/1818","targetHints":{"allow":["GET"]}}],"collection":[{"href":"https:\/\/mattojulin.fi\/etusivu\/wp-json\/wp\/v2\/product"}],"about":[{"href":"https:\/\/mattojulin.fi\/etusivu\/wp-json\/wp\/v2\/types\/product"}],"version-history":[{"count":3,"href":"https:\/\/mattojulin.fi\/etusivu\/wp-json\/wp\/v2\/product\/1818\/revisions"}],"predecessor-version":[{"id":1828,"href":"https:\/\/mattojulin.fi\/etusivu\/wp-json\/wp\/v2\/product\/1818\/revisions\/1828"}],"wp:featuredmedia":[{"embeddable":true,"href":"https:\/\/mattojulin.fi\/etusivu\/wp-json\/wp\/v2\/media\/1743"}],"wp:attachment":[{"href":"https:\/\/mattojulin.fi\/etusivu\/wp-json\/wp\/v2\/media?parent=1818"}],"wp:term":[{"taxonomy":"product_brand","embeddable":true,"href":"https:\/\/mattojulin.fi\/etusivu\/wp-json\/wp\/v2\/product_brand?post=1818"},{"taxonomy":"product_cat","embeddable":true,"href":"https:\/\/mattojulin.fi\/etusivu\/wp-json\/wp\/v2\/product_cat?post=1818"},{"taxonomy":"product_tag","embeddable":true,"href":"https:\/\/mattojulin.fi\/etusivu\/wp-json\/wp\/v2\/product_tag?post=1818"}],"curies":[{"name":"wp","href":"https:\/\/api.w.org\/{rel}","templated":true}]}}