{"id":1806,"date":"2024-10-22T13:10:34","date_gmt":"2024-10-22T11:10:34","guid":{"rendered":"https:\/\/mattojulin.fi\/etusivu\/?post_type=product&#038;p=1806"},"modified":"2024-10-22T13:10:35","modified_gmt":"2024-10-22T11:10:35","slug":"kaarna-luonnonvalkoinen","status":"publish","type":"product","link":"https:\/\/mattojulin.fi\/etusivu\/tuote\/kaarna-luonnonvalkoinen\/","title":{"rendered":"Kaarna Luonnonvalkoinen"},"content":{"rendered":"<p>Kaarna on hillitty ja helppohoitoinen sile\u00e4ksi kudottu matto, joka soveltuu hyvin kaikkiin kodin tiloihin kuten eteiseen, keitti\u00f6\u00f6n tai ruokap\u00f6yd\u00e4n alle. Sopii my\u00f6s ulkok\u00e4ytt\u00f6\u00f6n! matto on p\u00f6ly\u00e4m\u00e4t\u00f6n, vesipest\u00e4v\u00e4(30 astetta) sek\u00e4 helposti puhdistettava.<\/p>\n<ul>\n<li>Materiaali: 100% Polypropeenia, pohjamateriaali sis\u00e4lt\u00e4\u00e4 lateksia<\/li>\n<li>Paksuus: 6mm<\/li>\n<li>Huom! Kaarna maton kokovaihtelu on 5% leveyssuunnassa.<\/li>\n<\/ul>\n<p>Saatavana olevat koot:<\/p>\n<ul>\n<li>80 cm leve\u00e4 rulla (rullamatoista omien pituuksien mukaan)<\/li>\n<li>100 cm leve\u00e4 rulla (rullamatoista omien pituuksien mukaan)<\/li>\n<li>80 x 150 cm<\/li>\n<li>80 x 200 cm<\/li>\n<li>80 x 250 cm<\/li>\n<li>120 x 170 cm<\/li>\n<li>133 x 190 cm<\/li>\n<li>160 x 230 cm<\/li>\n<li>200 x 290 cm<\/li>\n<li>133 cm py\u00f6re\u00e4<\/li>\n<li>160 cm py\u00f6re\u00e4<\/li>\n<\/ul>\n","protected":false},"excerpt":{"rendered":"<p>Kaarna on hillitty ja helppohoitoinen sile\u00e4ksi kudottu matto, joka soveltuu hyvin kaikkiin kodin tiloihin kuten eteiseen, keitti\u00f6\u00f6n tai ruokap\u00f6yd\u00e4n alle. Sopii my\u00f6s ulkok\u00e4ytt\u00f6\u00f6n! matto on p\u00f6ly\u00e4m\u00e4t\u00f6n, vesipest\u00e4v\u00e4(30 astetta) sek\u00e4 helposti puhdistettava. Materiaali: 100% Polypropeenia, pohjamateriaali sis\u00e4lt\u00e4\u00e4 lateksia Paksuus: 6mm Huom! Kaarna maton kokovaihtelu on 5% leveyssuunnassa. Saatavana olevat koot: 80 cm leve\u00e4 rulla (rullamatoista omien [&hellip;]<\/p>\n","protected":false},"featured_media":1760,"template":"","meta":{"site-sidebar-layout":"default","site-content-layout":"","ast-site-content-layout":"default","site-content-style":"default","site-sidebar-style":"default","ast-global-header-display":"","ast-banner-title-visibility":"","ast-main-header-display":"","ast-hfb-above-header-display":"","ast-hfb-below-header-display":"","ast-hfb-mobile-header-display":"","site-post-title":"","ast-breadcrumbs-content":"","ast-featured-img":"","footer-sml-layout":"","ast-disable-related-posts":"","theme-transparent-header-meta":"default","adv-header-id-meta":"","stick-header-meta":"","header-above-stick-meta":"","header-main-stick-meta":"","header-below-stick-meta":"","astra-migrate-meta-layouts":"set","ast-page-background-enabled":"default","ast-page-background-meta":{"desktop":{"background-color":"var(--ast-global-color-4)","background-image":"","background-repeat":"repeat","background-position":"center center","background-size":"auto","background-attachment":"scroll","background-type":"","background-media":"","overlay-type":"","overlay-color":"","overlay-opacity":"","overlay-gradient":""},"tablet":{"background-color":"","background-image":"","background-repeat":"repeat","background-position":"center center","background-size":"auto","background-attachment":"scroll","background-type":"","background-media":"","overlay-type":"","overlay-color":"","overlay-opacity":"","overlay-gradient":""},"mobile":{"background-color":"","background-image":"","background-repeat":"repeat","background-position":"center center","background-size":"auto","background-attachment":"scroll","background-type":"","background-media":"","overlay-type":"","overlay-color":"","overlay-opacity":"","overlay-gradient":""}},"ast-content-background-meta":{"desktop":{"background-color":"var(--ast-global-color-5)","background-image":"","background-repeat":"repeat","background-position":"center center","background-size":"auto","background-attachment":"scroll","background-type":"","background-media":"","overlay-type":"","overlay-color":"","overlay-opacity":"","overlay-gradient":""},"tablet":{"background-color":"var(--ast-global-color-5)","background-image":"","background-repeat":"repeat","background-position":"center center","background-size":"auto","background-attachment":"scroll","background-type":"","background-media":"","overlay-type":"","overlay-color":"","overlay-opacity":"","overlay-gradient":""},"mobile":{"background-color":"var(--ast-global-color-5)","background-image":"","background-repeat":"repeat","background-position":"center center","background-size":"auto","background-attachment":"scroll","background-type":"","background-media":"","overlay-type":"","overlay-color":"","overlay-opacity":"","overlay-gradient":""}}},"product_brand":[],"product_cat":[22,26,30,35],"product_tag":[49,41,42,45],"class_list":{"0":"post-1806","1":"product","2":"type-product","3":"status-publish","4":"has-post-thumbnail","6":"product_cat-irtomatot","7":"product_cat-kautavamatot","8":"product_cat-sileaksi-kudotut-matot","9":"product_cat-terassimatot","10":"product_tag-irtomatto","11":"product_tag-kaytavamatto","12":"product_tag-sileaksi-kudottu","13":"product_tag-terassimatto","14":"desktop-align-left","15":"tablet-align-left","16":"mobile-align-left","18":"first","19":"instock","20":"shipping-taxable","21":"product-type-simple"},"jetpack_sharing_enabled":true,"_links":{"self":[{"href":"https:\/\/mattojulin.fi\/etusivu\/wp-json\/wp\/v2\/product\/1806","targetHints":{"allow":["GET"]}}],"collection":[{"href":"https:\/\/mattojulin.fi\/etusivu\/wp-json\/wp\/v2\/product"}],"about":[{"href":"https:\/\/mattojulin.fi\/etusivu\/wp-json\/wp\/v2\/types\/product"}],"version-history":[{"count":1,"href":"https:\/\/mattojulin.fi\/etusivu\/wp-json\/wp\/v2\/product\/1806\/revisions"}],"predecessor-version":[{"id":1807,"href":"https:\/\/mattojulin.fi\/etusivu\/wp-json\/wp\/v2\/product\/1806\/revisions\/1807"}],"wp:featuredmedia":[{"embeddable":true,"href":"https:\/\/mattojulin.fi\/etusivu\/wp-json\/wp\/v2\/media\/1760"}],"wp:attachment":[{"href":"https:\/\/mattojulin.fi\/etusivu\/wp-json\/wp\/v2\/media?parent=1806"}],"wp:term":[{"taxonomy":"product_brand","embeddable":true,"href":"https:\/\/mattojulin.fi\/etusivu\/wp-json\/wp\/v2\/product_brand?post=1806"},{"taxonomy":"product_cat","embeddable":true,"href":"https:\/\/mattojulin.fi\/etusivu\/wp-json\/wp\/v2\/product_cat?post=1806"},{"taxonomy":"product_tag","embeddable":true,"href":"https:\/\/mattojulin.fi\/etusivu\/wp-json\/wp\/v2\/product_tag?post=1806"}],"curies":[{"name":"wp","href":"https:\/\/api.w.org\/{rel}","templated":true}]}}